{"id":423,"date":"2021-10-22T08:41:10","date_gmt":"2021-10-22T06:41:10","guid":{"rendered":"https:\/\/kks-minden.de\/?page_id=423"},"modified":"2021-10-22T08:41:10","modified_gmt":"2021-10-22T06:41:10","slug":"wer-war-kaethe-kollwitz","status":"publish","type":"page","link":"https:\/\/kks-minden.de\/?page_id=423","title":{"rendered":"Wer war K\u00e4the Kollwitz?"},"content":{"rendered":"\n<p>K\u00e4the Kollwitz wurde am 8. Juli 1867 in K\u00f6nigsberg geboren. <\/p>\n\n\n\n<div class=\"wp-block-image\"><figure class=\"alignright size-large is-resized\"><img decoding=\"async\" loading=\"lazy\" src=\"https:\/\/kks-minden.de\/wp-content\/uploads\/2021\/10\/800px-Kaethe_Kollwitz_um_1906-766x1024.jpg\" alt=\"\" class=\"wp-image-424\" width=\"240\" height=\"320\" srcset=\"https:\/\/kks-minden.de\/wp-content\/uploads\/2021\/10\/800px-Kaethe_Kollwitz_um_1906-766x1024.jpg 766w, https:\/\/kks-minden.de\/wp-content\/uploads\/2021\/10\/800px-Kaethe_Kollwitz_um_1906-224x300.jpg 224w, https:\/\/kks-minden.de\/wp-content\/uploads\/2021\/10\/800px-Kaethe_Kollwitz_um_1906-768x1027.jpg 768w, https:\/\/kks-minden.de\/wp-content\/uploads\/2021\/10\/800px-Kaethe_Kollwitz_um_1906-624x835.jpg 624w, https:\/\/kks-minden.de\/wp-content\/uploads\/2021\/10\/800px-Kaethe_Kollwitz_um_1906.jpg 800w\" sizes=\"(max-width: 240px) 100vw, 240px\" \/><figcaption>Schwarzwei\u00dfphoto mit dem Portrait der K\u00e4the Kollwitz, um 1906<\/figcaption><\/figure><\/div>\n\n\n\n<p>Sie gilt als eine der bedeutendsten deutschen K\u00fcnstlerinnen. Ihre Werke werden in den gro\u00dfen Museen der Welt gezeigt. <\/p>\n\n\n\n<p>K\u00e4the Kollwitz war eine Grafikerin und Bildhauerin, die sich seit ihrer Jugend in ihrer Kunst engagiert mit sozialkritischen Themen befasste. Der Tod ihres Sohnes im 1. Weltkrieg machten Krieg und seine Auswirkungen zu ihren Themen. Daf\u00fcr stehen beispielhaft die Grabplastiken eines trauerndes Ehepaares auf einem belgischen Soldatenfriedhof und das Plakat \u201eNie wieder Krieg!\u201c. <\/p>\n\n\n\n<p>K\u00e4the Kollwitz durfte ab 1933 nicht mehr an der Preussischen Akademie der K\u00fcnste unterrichten. 1934 wurden ihre Werke wegen ihrer mutigen, kritischen Einstellung von den Nationalsozialisten aus den Ausstellungen entfernt. <\/p>\n\n\n\n<p>Sie starb 1945 am 22. April 1945 in Moritzburg bei Dresden.<\/p>\n\n\n\n<figure class=\"wp-block-gallery alignwide columns-2 is-cropped wp-block-gallery-1 is-layout-flex\"><ul class=\"blocks-gallery-grid\"><li class=\"blocks-gallery-item\"><figure><img decoding=\"async\" loading=\"lazy\" width=\"880\" height=\"1024\" src=\"https:\/\/kks-minden.de\/wp-content\/uploads\/2021\/10\/kollwitz_mutter-mit-zwei-kindern_1932-36_bronze_kkmk-880x1024.jpg\" alt=\"\" data-id=\"425\" data-link=\"https:\/\/kks-minden.de\/?attachment_id=425\" class=\"wp-image-425\" srcset=\"https:\/\/kks-minden.de\/wp-content\/uploads\/2021\/10\/kollwitz_mutter-mit-zwei-kindern_1932-36_bronze_kkmk-880x1024.jpg 880w, https:\/\/kks-minden.de\/wp-content\/uploads\/2021\/10\/kollwitz_mutter-mit-zwei-kindern_1932-36_bronze_kkmk-258x300.jpg 258w, https:\/\/kks-minden.de\/wp-content\/uploads\/2021\/10\/kollwitz_mutter-mit-zwei-kindern_1932-36_bronze_kkmk-768x894.jpg 768w, https:\/\/kks-minden.de\/wp-content\/uploads\/2021\/10\/kollwitz_mutter-mit-zwei-kindern_1932-36_bronze_kkmk-1320x1536.jpg 1320w, https:\/\/kks-minden.de\/wp-content\/uploads\/2021\/10\/kollwitz_mutter-mit-zwei-kindern_1932-36_bronze_kkmk-624x726.jpg 624w, https:\/\/kks-minden.de\/wp-content\/uploads\/2021\/10\/kollwitz_mutter-mit-zwei-kindern_1932-36_bronze_kkmk.jpg 1650w\" sizes=\"(max-width: 880px) 100vw, 880px\" \/><figcaption class=\"blocks-gallery-item__caption\">\u201eMutter mit Zwillingen\u201c, Bronzeskulptur, 1936\/37<\/figcaption><\/figure><\/li><li class=\"blocks-gallery-item\"><figure><img decoding=\"async\" loading=\"lazy\" width=\"747\" height=\"1024\" src=\"https:\/\/kks-minden.de\/wp-content\/uploads\/2021\/10\/kollwitz-selbstbildnis-nt-688-747x1024.jpg\" alt=\"\" data-id=\"426\" data-full-url=\"https:\/\/kks-minden.de\/wp-content\/uploads\/2021\/10\/kollwitz-selbstbildnis-nt-688.jpg\" data-link=\"https:\/\/kks-minden.de\/?attachment_id=426\" class=\"wp-image-426\" srcset=\"https:\/\/kks-minden.de\/wp-content\/uploads\/2021\/10\/kollwitz-selbstbildnis-nt-688-747x1024.jpg 747w, https:\/\/kks-minden.de\/wp-content\/uploads\/2021\/10\/kollwitz-selbstbildnis-nt-688-219x300.jpg 219w, https:\/\/kks-minden.de\/wp-content\/uploads\/2021\/10\/kollwitz-selbstbildnis-nt-688-768x1053.jpg 768w, https:\/\/kks-minden.de\/wp-content\/uploads\/2021\/10\/kollwitz-selbstbildnis-nt-688-1120x1536.jpg 1120w, https:\/\/kks-minden.de\/wp-content\/uploads\/2021\/10\/kollwitz-selbstbildnis-nt-688-624x856.jpg 624w, https:\/\/kks-minden.de\/wp-content\/uploads\/2021\/10\/kollwitz-selbstbildnis-nt-688.jpg 1400w\" sizes=\"(max-width: 747px) 100vw, 747px\" \/><figcaption class=\"blocks-gallery-item__caption\">\u201eSelbstbild\u201c, Kohle auf Papier, um 1910<\/figcaption><\/figure><\/li><\/ul><\/figure>\n\n\n\n<p>Bildquellen:<\/p>\n\n\n\n<p>Photo der K\u00e4the Kollwitz:<br><a href=\"https:\/\/www.kollwitz.de\/biografie\">Biografie \u2013 K\u00e4the Kollwitz Museum K\u00f6ln<\/a><\/p>\n\n\n\n<p>&#8222;Mutter mit Zwillingen&#8220; und &#8222;Selbstbild:<br><a href=\"https:\/\/www.kollwitz.de\/bronzeplastik-mutter-mit-zwei-kindern\">Bronzeplastik \u00bbMutter mit zwei Kindern\u00ab \u2013 K\u00e4the Kollwitz Museum K\u00f6ln<\/a><\/p>\n\n\n\n<p><a href=\"https:\/\/www.kollwitz.de\/selbstbildnis-en-face-nt-688\">Selbstbildnis en face, NT 688 \u2013 K\u00e4the Kollwitz Museum K\u00f6ln<\/a><\/p>\n","protected":false},"excerpt":{"rendered":"<p>K\u00e4the Kollwitz wurde am 8. Juli 1867 in K\u00f6nigsberg geboren. Sie gilt als eine der bedeutendsten deutschen K\u00fcnstlerinnen. Ihre Werke werden in den gro\u00dfen Museen der Welt gezeigt. K\u00e4the Kollwitz war eine Grafikerin und Bildhauerin, die sich seit ihrer Jugend in ihrer Kunst engagiert mit sozialkritischen Themen befasste. Der Tod ihres Sohnes im 1. Weltkrieg<span class=\"continue-reading\"> <a href=\"https:\/\/kks-minden.de\/?page_id=423\">[&#8230;]weiter lesen &raquo;<\/a><\/span><\/p>\n","protected":false},"author":1,"featured_media":0,"parent":0,"menu_order":0,"comment_status":"closed","ping_status":"closed","template":"","meta":{"ngg_post_thumbnail":0},"_links":{"self":[{"href":"https:\/\/kks-minden.de\/index.php?rest_route=\/wp\/v2\/pages\/423"}],"collection":[{"href":"https:\/\/kks-minden.de\/index.php?rest_route=\/wp\/v2\/pages"}],"about":[{"href":"https:\/\/kks-minden.de\/index.php?rest_route=\/wp\/v2\/types\/page"}],"author":[{"embeddable":true,"href":"https:\/\/kks-minden.de\/index.php?rest_route=\/wp\/v2\/users\/1"}],"replies":[{"embeddable":true,"href":"https:\/\/kks-minden.de\/index.php?rest_route=%2Fwp%2Fv2%2Fcomments&post=423"}],"version-history":[{"count":1,"href":"https:\/\/kks-minden.de\/index.php?rest_route=\/wp\/v2\/pages\/423\/revisions"}],"predecessor-version":[{"id":428,"href":"https:\/\/kks-minden.de\/index.php?rest_route=\/wp\/v2\/pages\/423\/revisions\/428"}],"wp:attachment":[{"href":"https:\/\/kks-minden.de\/index.php?rest_route=%2Fwp%2Fv2%2Fmedia&parent=423"}],"curies":[{"name":"wp","href":"https:\/\/api.w.org\/{rel}","templated":true}]}}

Wer war Käthe Kollwitz?

<p>Käthe Kollwitz wurde am 8. Juli 1867 in Königsberg geboren. </p>



<div class="wp-block-image"><figure class="alignright size-large is-resized"><img decoding="async" loading="lazy" src="https://kks-minden.de/wp-content/uploads/2021/10/800px-Kaethe_Kollwitz_um_1906-766x1024.jpg" alt="" class="wp-image-424" width="240" height="320" srcset="https://kks-minden.de/wp-content/uploads/2021/10/800px-Kaethe_Kollwitz_um_1906-766x1024.jpg 766w, https://kks-minden.de/wp-content/uploads/2021/10/800px-Kaethe_Kollwitz_um_1906-224x300.jpg 224w, https://kks-minden.de/wp-content/uploads/2021/10/800px-Kaethe_Kollwitz_um_1906-768x1027.jpg 768w, https://kks-minden.de/wp-content/uploads/2021/10/800px-Kaethe_Kollwitz_um_1906-624x835.jpg 624w, https://kks-minden.de/wp-content/uploads/2021/10/800px-Kaethe_Kollwitz_um_1906.jpg 800w" sizes="(max-width: 240px) 100vw, 240px" /><figcaption>Schwarzweißphoto mit dem Portrait der Käthe Kollwitz, um 1906</figcaption></figure></div>



<p>Sie gilt als eine der bedeutendsten deutschen Künstlerinnen. Ihre Werke werden in den großen Museen der Welt gezeigt. </p>



<p>Käthe Kollwitz war eine Grafikerin und Bildhauerin, die sich seit ihrer Jugend in ihrer Kunst engagiert mit sozialkritischen Themen befasste. Der Tod ihres Sohnes im 1. Weltkrieg machten Krieg und seine Auswirkungen zu ihren Themen. Dafür stehen beispielhaft die Grabplastiken eines trauerndes Ehepaares auf einem belgischen Soldatenfriedhof und das Plakat „Nie wieder Krieg!“. </p>



<p>Käthe Kollwitz durfte ab 1933 nicht mehr an der Preussischen Akademie der Künste unterrichten. 1934 wurden ihre Werke wegen ihrer mutigen, kritischen Einstellung von den Nationalsozialisten aus den Ausstellungen entfernt. </p>



<p>Sie starb 1945 am 22. April 1945 in Moritzburg bei Dresden.</p>



<figure class="wp-block-gallery alignwide columns-2 is-cropped wp-block-gallery-1 is-layout-flex"><ul class="blocks-gallery-grid"><li class="blocks-gallery-item"><figure><img decoding="async" loading="lazy" width="880" height="1024" src="https://kks-minden.de/wp-content/uploads/2021/10/kollwitz_mutter-mit-zwei-kindern_1932-36_bronze_kkmk-880x1024.jpg" alt="" data-id="425" data-link="https://kks-minden.de/?attachment_id=425" class="wp-image-425" srcset="https://kks-minden.de/wp-content/uploads/2021/10/kollwitz_mutter-mit-zwei-kindern_1932-36_bronze_kkmk-880x1024.jpg 880w, https://kks-minden.de/wp-content/uploads/2021/10/kollwitz_mutter-mit-zwei-kindern_1932-36_bronze_kkmk-258x300.jpg 258w, https://kks-minden.de/wp-content/uploads/2021/10/kollwitz_mutter-mit-zwei-kindern_1932-36_bronze_kkmk-768x894.jpg 768w, https://kks-minden.de/wp-content/uploads/2021/10/kollwitz_mutter-mit-zwei-kindern_1932-36_bronze_kkmk-1320x1536.jpg 1320w, https://kks-minden.de/wp-content/uploads/2021/10/kollwitz_mutter-mit-zwei-kindern_1932-36_bronze_kkmk-624x726.jpg 624w, https://kks-minden.de/wp-content/uploads/2021/10/kollwitz_mutter-mit-zwei-kindern_1932-36_bronze_kkmk.jpg 1650w" sizes="(max-width: 880px) 100vw, 880px" /><figcaption class="blocks-gallery-item__caption">„Mutter mit Zwillingen“, Bronzeskulptur, 1936/37</figcaption></figure></li><li class="blocks-gallery-item"><figure><img decoding="async" loading="lazy" width="747" height="1024" src="https://kks-minden.de/wp-content/uploads/2021/10/kollwitz-selbstbildnis-nt-688-747x1024.jpg" alt="" data-id="426" data-full-url="https://kks-minden.de/wp-content/uploads/2021/10/kollwitz-selbstbildnis-nt-688.jpg" data-link="https://kks-minden.de/?attachment_id=426" class="wp-image-426" srcset="https://kks-minden.de/wp-content/uploads/2021/10/kollwitz-selbstbildnis-nt-688-747x1024.jpg 747w, https://kks-minden.de/wp-content/uploads/2021/10/kollwitz-selbstbildnis-nt-688-219x300.jpg 219w, https://kks-minden.de/wp-content/uploads/2021/10/kollwitz-selbstbildnis-nt-688-768x1053.jpg 768w, https://kks-minden.de/wp-content/uploads/2021/10/kollwitz-selbstbildnis-nt-688-1120x1536.jpg 1120w, https://kks-minden.de/wp-content/uploads/2021/10/kollwitz-selbstbildnis-nt-688-624x856.jpg 624w, https://kks-minden.de/wp-content/uploads/2021/10/kollwitz-selbstbildnis-nt-688.jpg 1400w" sizes="(max-width: 747px) 100vw, 747px" /><figcaption class="blocks-gallery-item__caption">„Selbstbild“, Kohle auf Papier, um 1910</figcaption></figure></li></ul></figure>



<p>Bildquellen:</p>



<p>Photo der Käthe Kollwitz:<br><a href="https://www.kollwitz.de/biografie">Biografie – Käthe Kollwitz Museum Köln</a></p>



<p>&#8222;Mutter mit Zwillingen&#8220; und &#8222;Selbstbild:<br><a href="https://www.kollwitz.de/bronzeplastik-mutter-mit-zwei-kindern">Bronzeplastik »Mutter mit zwei Kindern« – Käthe Kollwitz Museum Köln</a></p>



<p><a href="https://www.kollwitz.de/selbstbildnis-en-face-nt-688">Selbstbildnis en face, NT 688 – Käthe Kollwitz Museum Köln</a></p>

<p>Käthe Kollwitz wurde am 8. Juli 1867 in Königsberg geboren. Sie gilt als eine der bedeutendsten deutschen Künstlerinnen. Ihre Werke werden in den großen Museen der Welt gezeigt. Käthe Kollwitz war eine Grafikerin und Bildhauerin, die sich seit ihrer Jugend in ihrer Kunst engagiert mit sozialkritischen Themen befasste. Der Tod ihres Sohnes im 1. Weltkrieg<span class="continue-reading"> <a href="https://kks-minden.de/?page_id=423">[&#8230;]weiter lesen &raquo;</a></span></p>
