{"id":280,"date":"2021-02-10T10:30:47","date_gmt":"2021-02-10T09:30:47","guid":{"rendered":"https:\/\/kks-minden.de\/?page_id=280"},"modified":"2024-06-03T08:22:23","modified_gmt":"2024-06-03T06:22:23","slug":"schulsozialarbeit","status":"publish","type":"page","link":"https:\/\/kks-minden.de\/?page_id=280","title":{"rendered":"Schulsozialarbeit"},"content":{"rendered":"\n<p>Hallo, mein Name ist Alexander Stephan.<\/p>\n\n\n\n<figure class=\"wp-block-image size-large is-resized\"><img decoding=\"async\" loading=\"lazy\" src=\"https:\/\/kks-minden.de\/wp-content\/uploads\/2024\/06\/astephan-709x1024.jpg\" alt=\"\" class=\"wp-image-775\" width=\"253\" height=\"366\" srcset=\"https:\/\/kks-minden.de\/wp-content\/uploads\/2024\/06\/astephan-709x1024.jpg 709w, https:\/\/kks-minden.de\/wp-content\/uploads\/2024\/06\/astephan-208x300.jpg 208w, https:\/\/kks-minden.de\/wp-content\/uploads\/2024\/06\/astephan-768x1109.jpg 768w, https:\/\/kks-minden.de\/wp-content\/uploads\/2024\/06\/astephan-1064x1536.jpg 1064w, https:\/\/kks-minden.de\/wp-content\/uploads\/2024\/06\/astephan-1419x2048.jpg 1419w, https:\/\/kks-minden.de\/wp-content\/uploads\/2024\/06\/astephan-624x901.jpg 624w, https:\/\/kks-minden.de\/wp-content\/uploads\/2024\/06\/astephan-scaled.jpg 1774w\" sizes=\"(max-width: 253px) 100vw, 253px\" \/><\/figure>\n\n\n\n<p>Seit dem 01.08.2023 bin ich als Schulsozialarbeiter an der K\u00e4the Kollwitz Realschule in Minden t\u00e4tig. Ich bin zust\u00e4ndig f\u00fcr die Klassen 8 &#8211; 10.<\/p>\n\n\n\n<p>Dort bin ich ansprechbar f\u00fcr alle an Schule beteiligten Menschen, die Beratung, Begleitung und Hilfe bei Problemen oder Herausforderungen suchen. Das bedeutet vor allem Beratung f\u00fcr Sch\u00fcler*innen in besonderen Lebenslagen, bei etwaigen Schwierigkeiten im Familien-, Privat- oder Schulleben. Aufgrund der Schweigepflicht kann im Vertrauen gesprochen werden. Denn alles wor\u00fcber gesprochen wird, bleibt diskret bei uns. Ausnahmen bestehen nur bei einer erteilten Schweigepflichtsentbindung. Dann kann ich durch den Austausch, mit weiteren Personen angemessene Unterst\u00fctzung m\u00f6glich machen.<\/p>\n\n\n\n<p><a><\/a>Gemeinsam werden wir einen Weg finden!<\/p>\n\n\n\n<p>Mein B\u00fcro finden Sie im Verwaltungstrakt Raum B1.025.<\/p>\n\n\n\n<p>Sie erreichen mich:<\/p>\n\n\n\n<p>Telefonisch: <\/p>\n\n\n\n<p>+ 49 571 \/ 320 303 111<\/p>\n\n\n\n<p>+49 <strong>151 \/ 180 561 61<\/strong><\/p>\n\n\n\n<p>Mail: <\/p>\n\n\n\n<p><a href=\"mailto:A.stephan@minden.de\">A.stephan@minden.de<\/a><\/p>\n\n\n\n<p><a href=\"mailto:Stephan@rskaethe.de\">Stephan@rskaethe.de<\/a><\/p>\n","protected":false},"excerpt":{"rendered":"<p>Hallo, mein Name ist Alexander Stephan. Seit dem 01.08.2023 bin ich als Schulsozialarbeiter an der K\u00e4the Kollwitz Realschule in Minden t\u00e4tig. Ich bin zust\u00e4ndig f\u00fcr die Klassen 8 &#8211; 10. Dort bin ich ansprechbar f\u00fcr alle an Schule beteiligten Menschen, die Beratung, Begleitung und Hilfe bei Problemen oder Herausforderungen suchen. Das bedeutet vor allem Beratung<span class=\"continue-reading\"> <a href=\"https:\/\/kks-minden.de\/?page_id=280\">[&#8230;]weiter lesen &raquo;<\/a><\/span><\/p>\n","protected":false},"author":1,"featured_media":0,"parent":0,"menu_order":0,"comment_status":"closed","ping_status":"closed","template":"","meta":{"ngg_post_thumbnail":0},"_links":{"self":[{"href":"https:\/\/kks-minden.de\/index.php?rest_route=\/wp\/v2\/pages\/280"}],"collection":[{"href":"https:\/\/kks-minden.de\/index.php?rest_route=\/wp\/v2\/pages"}],"about":[{"href":"https:\/\/kks-minden.de\/index.php?rest_route=\/wp\/v2\/types\/page"}],"author":[{"embeddable":true,"href":"https:\/\/kks-minden.de\/index.php?rest_route=\/wp\/v2\/users\/1"}],"replies":[{"embeddable":true,"href":"https:\/\/kks-minden.de\/index.php?rest_route=%2Fwp%2Fv2%2Fcomments&post=280"}],"version-history":[{"count":10,"href":"https:\/\/kks-minden.de\/index.php?rest_route=\/wp\/v2\/pages\/280\/revisions"}],"predecessor-version":[{"id":777,"href":"https:\/\/kks-minden.de\/index.php?rest_route=\/wp\/v2\/pages\/280\/revisions\/777"}],"wp:attachment":[{"href":"https:\/\/kks-minden.de\/index.php?rest_route=%2Fwp%2Fv2%2Fmedia&parent=280"}],"curies":[{"name":"wp","href":"https:\/\/api.w.org\/{rel}","templated":true}]}}

<p>Hallo, mein Name ist Alexander Stephan.</p>



<figure class="wp-block-image size-large is-resized"><img decoding="async" loading="lazy" src="https://kks-minden.de/wp-content/uploads/2024/06/astephan-709x1024.jpg" alt="" class="wp-image-775" width="253" height="366" srcset="https://kks-minden.de/wp-content/uploads/2024/06/astephan-709x1024.jpg 709w, https://kks-minden.de/wp-content/uploads/2024/06/astephan-208x300.jpg 208w, https://kks-minden.de/wp-content/uploads/2024/06/astephan-768x1109.jpg 768w, https://kks-minden.de/wp-content/uploads/2024/06/astephan-1064x1536.jpg 1064w, https://kks-minden.de/wp-content/uploads/2024/06/astephan-1419x2048.jpg 1419w, https://kks-minden.de/wp-content/uploads/2024/06/astephan-624x901.jpg 624w, https://kks-minden.de/wp-content/uploads/2024/06/astephan-scaled.jpg 1774w" sizes="(max-width: 253px) 100vw, 253px" /></figure>



<p>Seit dem 01.08.2023 bin ich als Schulsozialarbeiter an der Käthe Kollwitz Realschule in Minden tätig. Ich bin zuständig für die Klassen 8 &#8211; 10.</p>



<p>Dort bin ich ansprechbar für alle an Schule beteiligten Menschen, die Beratung, Begleitung und Hilfe bei Problemen oder Herausforderungen suchen. Das bedeutet vor allem Beratung für Schüler*innen in besonderen Lebenslagen, bei etwaigen Schwierigkeiten im Familien-, Privat- oder Schulleben. Aufgrund der Schweigepflicht kann im Vertrauen gesprochen werden. Denn alles worüber gesprochen wird, bleibt diskret bei uns. Ausnahmen bestehen nur bei einer erteilten Schweigepflichtsentbindung. Dann kann ich durch den Austausch, mit weiteren Personen angemessene Unterstützung möglich machen.</p>



<p><a></a>Gemeinsam werden wir einen Weg finden!</p>



<p>Mein Büro finden Sie im Verwaltungstrakt Raum B1.025.</p>



<p>Sie erreichen mich:</p>



<p>Telefonisch: </p>



<p>+ 49 571 / 320 303 111</p>



<p>+49 <strong>151 / 180 561 61</strong></p>



<p>Mail: </p>



<p><a href="mailto:A.stephan@minden.de">A.stephan@minden.de</a></p>



<p><a href="mailto:Stephan@rskaethe.de">Stephan@rskaethe.de</a></p>

<p>Hallo, mein Name ist Alexander Stephan. Seit dem 01.08.2023 bin ich als Schulsozialarbeiter an der Käthe Kollwitz Realschule in Minden tätig. Ich bin zuständig für die Klassen 8 &#8211; 10. Dort bin ich ansprechbar für alle an Schule beteiligten Menschen, die Beratung, Begleitung und Hilfe bei Problemen oder Herausforderungen suchen. Das bedeutet vor allem Beratung<span class="continue-reading"> <a href="https://kks-minden.de/?page_id=280">[&#8230;]weiter lesen &raquo;</a></span></p>
