{"id":235,"date":"2021-01-07T14:19:59","date_gmt":"2021-01-07T13:19:59","guid":{"rendered":"https:\/\/kks-minden.de\/?page_id=235"},"modified":"2021-01-07T14:19:59","modified_gmt":"2021-01-07T13:19:59","slug":"wir-wollen-wirken-in-dieser-zeit","status":"publish","type":"page","link":"https:\/\/kks-minden.de\/?page_id=235","title":{"rendered":"Wir wollen wirken in dieser Zeit!"},"content":{"rendered":"\n<figure class=\"wp-block-image size-large is-resized\"><img decoding=\"async\" loading=\"lazy\" src=\"https:\/\/kks-minden.de\/wp-content\/uploads\/2020\/12\/cropped-Mach-dein-Ding-Graffiti-scaled-1-1024x316.jpg\" alt=\"\" class=\"wp-image-176\" width=\"655\" height=\"202\" srcset=\"https:\/\/kks-minden.de\/wp-content\/uploads\/2020\/12\/cropped-Mach-dein-Ding-Graffiti-scaled-1-1024x316.jpg 1024w, https:\/\/kks-minden.de\/wp-content\/uploads\/2020\/12\/cropped-Mach-dein-Ding-Graffiti-scaled-1-300x93.jpg 300w, https:\/\/kks-minden.de\/wp-content\/uploads\/2020\/12\/cropped-Mach-dein-Ding-Graffiti-scaled-1-768x237.jpg 768w, https:\/\/kks-minden.de\/wp-content\/uploads\/2020\/12\/cropped-Mach-dein-Ding-Graffiti-scaled-1-1536x474.jpg 1536w, https:\/\/kks-minden.de\/wp-content\/uploads\/2020\/12\/cropped-Mach-dein-Ding-Graffiti-scaled-1-624x193.jpg 624w, https:\/\/kks-minden.de\/wp-content\/uploads\/2020\/12\/cropped-Mach-dein-Ding-Graffiti-scaled-1.jpg 2000w\" sizes=\"(max-width: 655px) 100vw, 655px\" \/><figcaption>Ein Graffiti ziert unser Schulgeb\u00e4ude! Unser Motto k\u00f6nnte nicht besser dargestellt sein! Danke an die 7A 18\/19<\/figcaption><\/figure>\n\n\n\n<p><strong>Die 7a \u201emacht ihr Ding\u201c<\/strong><br>\u201eMach dein Ding! 1000 \u20ac f\u00fcr dein Projekt\u201c &#8211; so hie\u00df die Ausschreibung des Kulturb\u00fcros<br>Minden im Februar 2019. Gerichtet war die Ausschreibung an engagierte Jugendliche<br>zwischen 14 und 24 Jahren, die in Minden etwas bewegen wollen. Klassensprecher<br>Madjit trug die Idee in den Klassenrat. Hier entwarfen wir Ideen und stimmten<br>schlie\u00dflich ab, ob wir teilnehmen wollten. Die gro\u00dfe Mehrheit war dabei und somit<br>konnte unser Projekt starten. <\/p>\n\n\n\n<p>Grobe Richtung war die Gestaltung der Schule unter dem<br>Motto unserer Namenspatin K\u00e4the Kollwitz \u201eIch will wirken in dieser Zeit.\u201c. Die<br>Sch\u00fclerinnen und Sch\u00fcler wollen das n\u00e4mlich auch!<\/p>\n\n\n\n<p>Unsere Bewerbung war erfolgreich und so konnten wir in w\u00f6chentlichen<br>Klassenratsstunden an unserem Projekt feilen. Madjit und Josi nahmen schulextern an einem \u201eProjekt-Check\u201c der Stadt Minden teil und konnten somit viele Strategien in unsere Projektplanung einbringen.<\/p>\n\n\n\n<p>Was m\u00f6chten wir versch\u00f6nern? Wie machen wir das? Wer kann uns unterst\u00fctzen?<br>Wie managen wir die uns zur Verf\u00fcgung stehende Zeit? Viele Fragen mussten er\u00f6rtert<br>werden, bevor schlie\u00dflich unsere Idee stand: Wir gestalten unter anderem ein Schild<br>im Eingangsbereich der Schule, damit unsere Mitsch\u00fclerinnen und Mitsch\u00fcler<br>farbenfroh empfangen werden. <\/p>\n\n\n\n<p>Auf Vermittlung des Kinder- und Jugendtreffs Westside fanden wir Herrn Methfessel, einen professionellen Graffiti-K\u00fcnstler, der mit seinem Bielefelder Unternehmen \u201eFarbelhaft\u201c Graffiti Workshops anbietet. Er war sofort begeistert von der Idee und sicherte uns seine Unterst\u00fctzung zu. Auch die Kunstlehrerin Mara Rinderlin konnten wir f\u00fcr unsere Idee gewinnen. Sie bot an, mit interessierten Sch\u00fclerinnen und Sch\u00fclern die Schule mit Tape Art \u2013 einer Kunst aus Klebeband \u2013 zu gestalten. Stattfinden sollte alles in der letzten Schulwoche vor den Ferien.<\/p>\n\n\n\n<p>Gemeinsam mit Frau Brinkmann vom Kulturb\u00fcro der Stadt Minden arbeiteten wir<br>zielstrebig am Entwurf und holten uns die Genehmigungen beim<br>Geb\u00e4udemanagement der Stadt Minden und von der Schulleiterin Frau Amshoff. An<br>Vieles musste gedacht werden: Kostenplanung, Zeitmanagement, Datenschutz,<br>Pressemitteilung, Einladungen zur finalen Pr\u00e4sentation \u2026 Die 7a musste ganz sch\u00f6n<br>wirbeln, damit alles p\u00fcnktlich am Montag, 08.07.2019, beginnen konnte.<br>Die Projekttage verliefen wie im Fluge. <\/p>\n\n\n\n<p>Die Tape Art-K\u00fcnstler lernten durch Frau Rinderlin verschiedene Techniken kennen und machten sich schnell an die Verwirklichung ihrer Vorstellungen mittels Klebeband. Die Graffiti-K\u00fcnstler verfeinerten am ersten Tag gemeinsam mit Herrn Methfessel ihre Entw\u00fcrfe und durften schon am Ende von Tag 1 erste Erfahrungen mit den Spr\u00fchdosen sammeln.<br>Tag 2 und 3 standen komplett und arbeitsintensiv unter dem Motto \u201eWir wollen wirken<br>in dieser Zeit.\u201c Die Klasse 7a ist wirklich ein flei\u00dfiges V\u00f6lkchen. Die Endergebnisse wurden am Ende von Tag 3 vor vielen Zuschauern pr\u00e4sentiert und ernteten kr\u00e4ftigen Applaus. Der st\u00e4dtische Bauhof sicherte zu, das neue Schulschild in den Sommerferien an seinem Platz zu befestigen.<\/p>\n\n\n\n<p>Das Fazit der Sch\u00fclerinnen und Sch\u00fcler? \u201eToll, mal etwas losgel\u00f6st vom Unterricht mit<br>der ganzen Klasse zu machen!\u201c \u201eSuper, was f\u00fcr tolle Dinge entstanden sind!\u201c \u201eEs hat<br>mega Spa\u00df gemacht!\u201c Das Fazit der Klassenlehrerin? \u201eProjekttage sind wichtig, weil<br>sie Spa\u00df machen und nicht zuletzt aus dem Grund, dass die Sch\u00fclerinnen und Sch\u00fcler<br>ihre F\u00e4higkeiten und Neigungen kennenlernen und erforschen und somit der Bildung<br>ihrer eigenen Pers\u00f6nlichkeit ein St\u00fcck n\u00e4herkommen.\u201c<\/p>\n","protected":false},"excerpt":{"rendered":"<p>Die 7a \u201emacht ihr Ding\u201c\u201eMach dein Ding! 1000 \u20ac f\u00fcr dein Projekt\u201c &#8211; so hie\u00df die Ausschreibung des Kulturb\u00fcrosMinden im Februar 2019. Gerichtet war die Ausschreibung an engagierte Jugendlichezwischen 14 und 24 Jahren, die in Minden etwas bewegen wollen. KlassensprecherMadjit trug die Idee in den Klassenrat. Hier entwarfen wir Ideen und stimmtenschlie\u00dflich ab, ob wir<span class=\"continue-reading\"> <a href=\"https:\/\/kks-minden.de\/?page_id=235\">[&#8230;]weiter lesen &raquo;<\/a><\/span><\/p>\n","protected":false},"author":1,"featured_media":0,"parent":0,"menu_order":0,"comment_status":"closed","ping_status":"closed","template":"","meta":{"ngg_post_thumbnail":0},"_links":{"self":[{"href":"https:\/\/kks-minden.de\/index.php?rest_route=\/wp\/v2\/pages\/235"}],"collection":[{"href":"https:\/\/kks-minden.de\/index.php?rest_route=\/wp\/v2\/pages"}],"about":[{"href":"https:\/\/kks-minden.de\/index.php?rest_route=\/wp\/v2\/types\/page"}],"author":[{"embeddable":true,"href":"https:\/\/kks-minden.de\/index.php?rest_route=\/wp\/v2\/users\/1"}],"replies":[{"embeddable":true,"href":"https:\/\/kks-minden.de\/index.php?rest_route=%2Fwp%2Fv2%2Fcomments&post=235"}],"version-history":[{"count":1,"href":"https:\/\/kks-minden.de\/index.php?rest_route=\/wp\/v2\/pages\/235\/revisions"}],"predecessor-version":[{"id":237,"href":"https:\/\/kks-minden.de\/index.php?rest_route=\/wp\/v2\/pages\/235\/revisions\/237"}],"wp:attachment":[{"href":"https:\/\/kks-minden.de\/index.php?rest_route=%2Fwp%2Fv2%2Fmedia&parent=235"}],"curies":[{"name":"wp","href":"https:\/\/api.w.org\/{rel}","templated":true}]}}

<figure class="wp-block-image size-large is-resized"><img decoding="async" loading="lazy" src="https://kks-minden.de/wp-content/uploads/2020/12/cropped-Mach-dein-Ding-Graffiti-scaled-1-1024x316.jpg" alt="" class="wp-image-176" width="655" height="202" srcset="https://kks-minden.de/wp-content/uploads/2020/12/cropped-Mach-dein-Ding-Graffiti-scaled-1-1024x316.jpg 1024w, https://kks-minden.de/wp-content/uploads/2020/12/cropped-Mach-dein-Ding-Graffiti-scaled-1-300x93.jpg 300w, https://kks-minden.de/wp-content/uploads/2020/12/cropped-Mach-dein-Ding-Graffiti-scaled-1-768x237.jpg 768w, https://kks-minden.de/wp-content/uploads/2020/12/cropped-Mach-dein-Ding-Graffiti-scaled-1-1536x474.jpg 1536w, https://kks-minden.de/wp-content/uploads/2020/12/cropped-Mach-dein-Ding-Graffiti-scaled-1-624x193.jpg 624w, https://kks-minden.de/wp-content/uploads/2020/12/cropped-Mach-dein-Ding-Graffiti-scaled-1.jpg 2000w" sizes="(max-width: 655px) 100vw, 655px" /><figcaption>Ein Graffiti ziert unser Schulgebäude! Unser Motto könnte nicht besser dargestellt sein! Danke an die 7A 18/19</figcaption></figure>



<p><strong>Die 7a „macht ihr Ding“</strong><br>„Mach dein Ding! 1000 € für dein Projekt“ &#8211; so hieß die Ausschreibung des Kulturbüros<br>Minden im Februar 2019. Gerichtet war die Ausschreibung an engagierte Jugendliche<br>zwischen 14 und 24 Jahren, die in Minden etwas bewegen wollen. Klassensprecher<br>Madjit trug die Idee in den Klassenrat. Hier entwarfen wir Ideen und stimmten<br>schließlich ab, ob wir teilnehmen wollten. Die große Mehrheit war dabei und somit<br>konnte unser Projekt starten. </p>



<p>Grobe Richtung war die Gestaltung der Schule unter dem<br>Motto unserer Namenspatin Käthe Kollwitz „Ich will wirken in dieser Zeit.“. Die<br>Schülerinnen und Schüler wollen das nämlich auch!</p>



<p>Unsere Bewerbung war erfolgreich und so konnten wir in wöchentlichen<br>Klassenratsstunden an unserem Projekt feilen. Madjit und Josi nahmen schulextern an einem „Projekt-Check“ der Stadt Minden teil und konnten somit viele Strategien in unsere Projektplanung einbringen.</p>



<p>Was möchten wir verschönern? Wie machen wir das? Wer kann uns unterstützen?<br>Wie managen wir die uns zur Verfügung stehende Zeit? Viele Fragen mussten erörtert<br>werden, bevor schließlich unsere Idee stand: Wir gestalten unter anderem ein Schild<br>im Eingangsbereich der Schule, damit unsere Mitschülerinnen und Mitschüler<br>farbenfroh empfangen werden. </p>



<p>Auf Vermittlung des Kinder- und Jugendtreffs Westside fanden wir Herrn Methfessel, einen professionellen Graffiti-Künstler, der mit seinem Bielefelder Unternehmen „Farbelhaft“ Graffiti Workshops anbietet. Er war sofort begeistert von der Idee und sicherte uns seine Unterstützung zu. Auch die Kunstlehrerin Mara Rinderlin konnten wir für unsere Idee gewinnen. Sie bot an, mit interessierten Schülerinnen und Schülern die Schule mit Tape Art – einer Kunst aus Klebeband – zu gestalten. Stattfinden sollte alles in der letzten Schulwoche vor den Ferien.</p>



<p>Gemeinsam mit Frau Brinkmann vom Kulturbüro der Stadt Minden arbeiteten wir<br>zielstrebig am Entwurf und holten uns die Genehmigungen beim<br>Gebäudemanagement der Stadt Minden und von der Schulleiterin Frau Amshoff. An<br>Vieles musste gedacht werden: Kostenplanung, Zeitmanagement, Datenschutz,<br>Pressemitteilung, Einladungen zur finalen Präsentation … Die 7a musste ganz schön<br>wirbeln, damit alles pünktlich am Montag, 08.07.2019, beginnen konnte.<br>Die Projekttage verliefen wie im Fluge. </p>



<p>Die Tape Art-Künstler lernten durch Frau Rinderlin verschiedene Techniken kennen und machten sich schnell an die Verwirklichung ihrer Vorstellungen mittels Klebeband. Die Graffiti-Künstler verfeinerten am ersten Tag gemeinsam mit Herrn Methfessel ihre Entwürfe und durften schon am Ende von Tag 1 erste Erfahrungen mit den Sprühdosen sammeln.<br>Tag 2 und 3 standen komplett und arbeitsintensiv unter dem Motto „Wir wollen wirken<br>in dieser Zeit.“ Die Klasse 7a ist wirklich ein fleißiges Völkchen. Die Endergebnisse wurden am Ende von Tag 3 vor vielen Zuschauern präsentiert und ernteten kräftigen Applaus. Der städtische Bauhof sicherte zu, das neue Schulschild in den Sommerferien an seinem Platz zu befestigen.</p>



<p>Das Fazit der Schülerinnen und Schüler? „Toll, mal etwas losgelöst vom Unterricht mit<br>der ganzen Klasse zu machen!“ „Super, was für tolle Dinge entstanden sind!“ „Es hat<br>mega Spaß gemacht!“ Das Fazit der Klassenlehrerin? „Projekttage sind wichtig, weil<br>sie Spaß machen und nicht zuletzt aus dem Grund, dass die Schülerinnen und Schüler<br>ihre Fähigkeiten und Neigungen kennenlernen und erforschen und somit der Bildung<br>ihrer eigenen Persönlichkeit ein Stück näherkommen.“</p>

<p>Die 7a „macht ihr Ding“„Mach dein Ding! 1000 € für dein Projekt“ &#8211; so hieß die Ausschreibung des KulturbürosMinden im Februar 2019. Gerichtet war die Ausschreibung an engagierte Jugendlichezwischen 14 und 24 Jahren, die in Minden etwas bewegen wollen. KlassensprecherMadjit trug die Idee in den Klassenrat. Hier entwarfen wir Ideen und stimmtenschließlich ab, ob wir<span class="continue-reading"> <a href="https://kks-minden.de/?page_id=235">[&#8230;]weiter lesen &raquo;</a></span></p>
